 5/24*u**4 + 0 + 0*u + 2/3*u**3 + u**2 + 1/30*u**b. What is t(-3)?
7
Let r(o) = -o**2 - 6*o - 4. Let f be r(-5). Let i(t) = 1 - f - 6*t + 2*t - 2. Determine i(2).
-10
Let k(f) = -3*f - 3. Let l(x) = -2*x - 2. Let i(n) = -3*k(n) + 5*l(n). Let j(t) = -4*t - 1. Let w be j(-1). Give i(w).
-4
Let r(z) = -z - 21. Let d = -73 - -62. What is r(d)?
-10
Let f(s) = -7*s**3 - 3*s**2 + s + 2. Let g(q) = -3*q**3 - 2*q**2 + q + 1. Let c(l) = l**2 + 7*l + 7. Let w be c(-3). Let n(h) = w*g(h) + 2*f(h). Give n(-4).
11
Suppose -3*o + u = -36, o = u - 4*u + 2. Let s = 12 - o. Let h(d) = -d**3 - 1. What is h(s)?
-2
Suppose o - 3 + 3 = 0. Let p(q) = q + 1. Determine p(o).
1
Let u(c) = -c**2 + 14*c - 19. Let y be u(13). Let q(i) = -i + 3. Give q(y).
9
Let r(f) = -f**2 + 4. Let n(m) = 0 + m - 4 + 2*m + 2*m**2. Let j be n(-4). Suppose 2*d = 2*q + 4, 0 = -3*d + 4*q + q + j. Calculate r(d).
-5
Suppose -2*a + 20 = 3*a + 5*f, -2*f = -4*a + 4. Let o = 1 - a. Let l(r) be the second derivative of r**3/2 - r**2/2 - 5*r. Determine l(o).
-4
Let a(l) = -6*l + 1. Let d(w) = -w**2 - 2*w - 2. Let x be d(-1). Give a(x).
7
Let h(a) = a**3 + 2*a**2 - 9*a**2 + 3 + 3*a**2 - 7*a. Give h(5).
-7
Let k(u) = -u - 6. Let v be k(-6). Let h be (-2 - v)*(-2)/(-4). Let m(f) = -2*f - 4. Let d(i) = -5*i - 11. Let o(g) = 4*d(g) - 11*m(g). What is o(h)?
-2
Let h(p) = 2*p**3 + p**2 + p - 3. Let j(z) = z**3 - z**2 + z - 1. Let k(w) = h(w) - 3*j(w). Let m be ((-50)/(-18) + (-4)/(-18))/1. What is k(m)?
3
Let g(k) = k - 68 + 63 + 2*k. What is g(5)?
10
Suppose -12 = -5*n + 8. Let x(m) = -m**2 + 4*m - 2. Calculate x(n).
-2
Let x(l) = 3*l**3 - 7*l**2 - 6*l - 4. Let a(c) = -7*c**3 + 15*c**2 + 13*c + 9. Let y(h) = 2*a(h) + 5*x(h). Give y(6).
10
Let q(z) be the first derivative of z**2/2 + 9*z - 18. Determine q(-4).
5
Let m(i) = -11*i + 92. Let t be m(8). Let n(k) = -k**2 + 6*k - 3. Calculate n(t).
5
Let r(p) = 9*p**3 + 5*p**2 - 21*p + 15. Let f(c) = 5*c**3 + 2*c**2 - 11*c + 8. Let m(x) = 7*f(x) - 4*r(x). Determine m(-7).
-4
Suppose 4*c = 3 + 13. Let t(z) = z**2 - 5*z + 4. Give t(c).
0
Suppose 2*h + 4*q = 8, 3*q - 6*q + 6 = 2*h. Let k = 3 + h. Let p(f) = -2*f + f**k + 3 - 2*f**2 - 4 - 2*f. Give p(3).
-4
Suppose 6*p - 30 = 3*p. Suppose -4*l - l + t + p = 0, -3*l - 3*t + 6 = 0. Let w(a) = -2*a**2 + 2*a - 3. Determine w(l).
-7
Let h(a) = -5*a + 1. Let w = 7 + -2. Suppose -3*t + 3 = 0, t = w*r - 10*r + 6. Give h(r).
-4
Let u(a) = 3*a**2 - 9*a. Let i(j) = 10*j**2 - 28*j - 1. Let d(l) = 2*i(l) - 7*u(l). Calculate d(5).
8
Let s(h) = 2*h**3 + 8*h**2 - 3*h - 6. Let f(m) = 4*m**3 + 15*m**2 - 5*m - 11. Let a(q) = -4*f(q) + 7*s(q). What is a(-2)?
4
Let c = 136 - 130. Let t(d) = d**2 - 3*d - 7. Determine t(c).
11
Let l be (-107)/3 - 4/(-6). Let t be 2/14 + (-100)/l. Let k(v) = -v**2 + 2*v - 3. Determine k(t).
-6
Suppose -5*u + 16 = -9. Let n(o) = -26 + o**3 + 2*o + u*o**2 + 26 + 0*o**3. Calculate n(-4).
8
Let g(q) be the first derivative of 1/3*q**3 - 1 - 1/4*q**4 - 1/2*q**2 - 2*q. Suppose -4*x = 3*l - 0*x, -2*l = -5*x. Determine g(l).
-2
Let q(m) = -m - 2. Let w(c) = -6*c - 10. Let g(t) = -16*q(t) + 3*w(t). Determine g(2).
-2
Let d(y) = 6*y**3 - y + 4. Let o(i) = -5*i**3 - i**2 + 2*i - 4. Let z(p) = -6*d(p) - 7*o(p). What is z(5)?
14
Let c(q) = 6*q**2 - 2*q - 5. Let t(s) = s**2 - s - 1. Let y(b) = c(b) - 5*t(b). What is y(-3)?
0
Let t(p) = p**3 + 6*p**2 - 3. Suppose -f = -0 - 4. Let v be (-512)/88 + f/(-22). What is t(v)?
-3
Let u(g) be the second derivative of -g**5/20 + g**3/2 - g**2/2 + 2*g. Suppose -4 = -h - h. Calculate u(h).
-3
Let c(j) be the second derivative of -j**3/6 + j**2 - j. What is c(4)?
-2
Let j(p) be the second derivative of p**5/20 - p**4/2 + 2*p**3/3 - p**2 - 9*p. Determine j(5).
-7
Let k(o) = -o + 3. Let q be k(6). Let a(h) be the first derivative of -h**4/4 - h**3 + h**2/2 + 2*h + 2. Determine a(q).
-1
Let i(h) = -h + 3. Let p = -6 - -8. Suppose -44 + 16 = -4*b. Suppose b*v - p*v = 15. Give i(v).
0
Let i(p) = -p**2 - 4*p + 4. Let w be 14/77 + 1/((-22)/114). Determine i(w).
-1
Let z be (-2)/(-4) + 136/16. Suppose -5*v + 24 - z = 0. Let l(x) = -x. Give l(v).
-3
Suppose 6 = 4*t - 2. Suppose -t*p - 3*p = 0. Let l(m) = m**3 + m**2 - m. What is l(p)?
0
Let s(p) = -p**2 + p + 1. Let o(l) = 4*l**2 - 14*l - 14. Let z(b) = o(b) + 5*s(b). Calculate z(-6).
9
Let o be 2/3 + (-10)/6. Let x(s) = -s**2 + 3*s - 2. Let p(t) be the first derivative of -t - 1. Let j(r) = o*x(r) + p(r). What is j(4)?
5
Let z(d) = -9*d**2 + 2*d + 1. Suppose -8*l = -7*l + 1. What is z(l)?
-10
Let h(r) = r + 6. Let v be h(-3). Suppose 4*q = v + 13. Let i(s) = -s - 1. Let o(g) = 1. Let t(y) = 2*i(y) + 5*o(y). What is t(q)?
-5
Let g(h) = 14*h**3 - 12*h**3 - h**2 + 1 - 8*h**3. Give g(-1).
6
Let y(p) = -p - 1. Let x = -9 - -8. What is y(x)?
0
Let u = 12 - 12. Let z(l) = l**3 - l**2 + l. What is z(u)?
0
Let h(p) be the first derivative of 3*p**2 - 2*p - 1. Determine h(-2).
-14
Let p = -32 - -35. Let c(r) = -r**3 + 2*r - 4*r**2 + 1 + 2*r**3 + 0*r**3. Give c(p).
-2
Let g(l) = -l**3 - 4*l**2 + 4*l - 4. Let y be g(-5). Let h(o) = -y + 1 + 0 + 1 + o. Let i(m) = -8*m - 12. Let d(w) = -10*h(w) - i(w). Calculate d(4).
-6
Let c(t) = t**2 + 2*t - 4. Suppose 8 = -88*d + 86*d. Determine c(d).
4
Let p(j) be the second derivative of 2*j**3/3 + j**2 + j. Suppose 3*b = 3*x + 3, 3*x - b + 1 = 6. Let w = 1 - x. Calculate p(w).
-6
Let f(s) = s + 0 + 1 - 2*s. Let g be (-21)/(-15) + 6/10. Suppose 4*c = g*c + 2. Calculate f(c).
0
Let n(x) = x + 4. Let r(j) = j + 5. Let c(g) = 2*n(g) - 3*r(g). Give c(-6).
-1
Let k = -20 - -16. Let x(g) = 3*g - 1 - 3*g - 3*g. What is x(k)?
11
Let z(x) = 11*x - 6. Let o(u) = u - 1. Let a(f) = 5*o(f) - z(f). Give a(1).
-5
Let i(f) = -f**3 + 11*f**2 - 11*f + 10. Let b be i(10). Suppose 4*y - 2*y = b. Let t(j) = -j**2 + j - 2. Determine t(y).
-2
Let h(g) = -g**2 + 5*g + 8. Let t be h(6). Let r(q) = 1 + t - q + 0. What is r(-4)?
7
Let g(m) = -m**2 - 2*m + 2. Let x(a) = -6*a**2 - 4*a + 10. Let i(s) = 7*s**2 + 3*s - 11. Let n(u) = -5*i(u) - 6*x(u). Let f be n(-9). Calculate g(f).
-13
Let a(j) = -21*j - 21. Let u(h) = 4*h + 4. Let p(r) = 2*a(r) + 11*u(r). Suppose -8 + 14 = -2*y. What is p(y)?
-4
Suppose -l + 4*x - 2*x = 0, -18 = 4*l + x. Let z be 6/l*(0 - -2). Let j(w) = 14 - 11 + 22*w - 18*w. Determine j(z).
-9
Let t(q) = q**3 + 6*q**2 + 6*q - 3. Let p be 2*3/(-6) - 4. Determine t(p).
-8
Let w = 9 - 5. Suppose 9 = w*c + 1. Let o(m) = -6*m**3 + 3*m**2 + 5*m + 7. Let h(b) = -5*b**3 + 3*b**2 + 4*b + 6. Let s(r) = 5*h(r) - 4*o(r). Determine s(c).
6
Suppose 0*o + 5 = o. Let j(l) = l**2 + o + 7*l - 6 + 8. What is j(-5)?
-3
Let h(l) = -l**2 + 3*l + 4. Suppose 5*w - w - 28 = 0. Let k = 12 - w. Calculate h(k).
-6
Suppose -5*p + 2 = 2*j, 0 = 3*j + 3*p - 0*p - 3. Let a be 4/(-2) + (5 - j). Let l(i) = 0 + 5 + i + i**a + 0*i. Give l(0).
5
Let z(h) = h**2 + 9*h + 5. Let x be z(-9). Let w(c) = -c - 5. Let p(n) = -n. Suppose -2*m + 0*m + 4 = 0. Let g(q) = m*p(q) - w(q). Calculate g(x).
0
Suppose -3*i - 4*q = -5, -i + q - 15 = i. Let v(b) = 8*b**2 - 12*b + 20. Let g(l) = 3*l**2 - 4*l + 7. Let m(c) = 11*g(c) - 4*v(c). What is m(i)?
2
Let t(a) be the first derivative of a**4/12 + a**3/3 - a**2 + 7*a - 8. Let c(o) be the first derivative of t(o). Give c(-4).
6
Suppose -3*q - 5 = -4*b - 1, 0 = -b + 5*q - 16. Suppose b*y = 3 + 1. Let a(g) = 1 - 5 + 3 - 7*g**3. Determine a(y).
-8
Let i(a) be the second derivative of -a**7/840 + a**6/180 - a**5/60 + a**4/24 + a**3/6 - 4*a. Let g(f) be the second derivative of i(f). Determine g(2).
-3
Let z(r) = 2*r**2 - 10*r - 8. Let f be z(6). Let l(q) be the first derivative of -1/4*q**f - 2 + 3*q**2 - 4/3*q**3 + 6*q. What is l(-5)?
1
Let p(t) be the first derivative of -3*t**2/2 - 5*t - 1. Let l = 158 + -162. What is p(l)?
7
Let s = -2 + 5. Let i(a) = s + 0 - 2 - 6*a + 2*a. What is i(-2)?
9
Suppose -8*q + 17*q = 36. Let i(a) = -a**2 + 3*a + 2. Determine i(q).
-2
Let i(s) be the second derivative of -s**4/12 + 2*s**3 - 13*s**2/2 + 16*s. Give i(11).
-2
Let f(r) = -9*r + 6. Let w(z) = -3*z + 2. Let l = -1 - 1. Let c(i) = l*f(i) + 7*w(i). Give c(2).
-4
Let g(w) = -w + 1. Let t(m) = m. Let f(d) = -3*g(d) - 4*t(d). Suppose 43*o + 40 = 33*o. What is f(o)?
1
Let b(c) = 5 + 2*c**3 - 6 - 4*c**2 - 3*c**3 - c. Let r(m) = -m**2 - 16*m + 5